sor of 12912 and 112.
16
Calculate the greatest common divisor of 17997 and 399.
21
Calculate the highest common divisor of 230 and 1280.
10
What is the highest common divisor of 402 and 20971?
67
What is the greatest common factor of 8 and 334?
2
Calculate the greatest common factor of 2983643 and 13.
13
Calculate the highest common factor of 549879 and 66.
33
What is the highest common factor of 8244 and 24?
12
Calculate the highest common factor of 1 and 21071.
1
What is the highest common divisor of 5877 and 711?
9
What is the greatest common divisor of 45849 and 609?
87
What is the greatest common factor of 135 and 5913?
27
Calculate the highest common factor of 34299 and 45423.
927
What is the greatest common divisor of 2569 and 168?
7
What is the highest common factor of 39334 and 62602?
554
Calculate the highest common divisor of 189812 and 28.
28
What is the highest common factor of 970 and 73138?
194
What is the greatest common divisor of 70 and 397796?
14
Calculate the highest common factor of 19532 and 355688.
1028
What is the greatest common factor of 2432 and 4544?
64
What is the highest common factor of 36153 and 20943?
117
Calculate the highest common divisor of 1147 and 9287.
37
What is the highest common factor of 768 and 63552?
192
What is the greatest common divisor of 893557 and 5243?
749
What is the highest common factor of 362257 and 98?
49
What is the highest common divisor of 96 and 263220?
12
Calculate the highest common divisor of 686323 and 172.
43
What is the greatest common divisor of 26230 and 4880?
610
What is the highest common factor of 426 and 166140?
426
What is the greatest common divisor of 11343 and 25671?
597
What is the greatest common divisor of 548724 and 24?
12
What is the highest common divisor of 5770 and 7090?
10
Calculate the highest common factor of 195228 and 3102.
66
What is the highest common divisor of 11814 and 99?
33
Calculate the highest common divisor of 20 and 1302876.
4
Calculate the highest common divisor of 1607828 and 4.
4
What is the highest common factor of 1467 and 11633310?
1467
Calculate the greatest common factor of 7042 and 1920454.
1006
Calculate the highest common factor of 1110 and 1554.
222
What is the greatest common factor of 155542 and 249?
83
Calculate the highest common divisor of 48 and 2149744.
16
What is the highest common factor of 16340 and 23940?
380
Calculate the highest common divisor of 1462 and 1598.
34
What is the greatest common divisor of 98384 and 3718?
286
What is the greatest common divisor of 5946 and 6?
6
What is the greatest common factor of 86273 and 506?
253
Calculate the greatest common divisor of 68 and 478244.
68
Calculate the highest common divisor of 52 and 2938598.
26
Calculate the greatest common divisor of 10125 and 999.
27
What is the greatest common factor of 140 and 236698?
14
Calculate the highest common factor of 33 and 147103.
11
Calculate the highest common factor of 110 and 90475.
55
What is the greatest common divisor of 590953 and 22?
11
What is the highest common factor of 211332 and 132?
132
What is the greatest common factor of 2450081 and 178?
89
What is the highest common divisor of 4214 and 1764?
98
What is the highest common divisor of 605 and 576785?
55
What is the greatest common factor of 3312 and 17296?
368
What is the greatest common factor of 24 and 1973568?
24
What is the highest common factor of 3040 and 16910?
190
What is the highest common factor of 8 and 135064?
8
Calculate the greatest common factor of 419936 and 121.
11
Calculate the greatest common divisor of 120 and 218895.
15
Calculate the greatest common factor of 72 and 39438.
18
What is the greatest common factor of 183 and 1233?
3
What is the highest common factor of 264 and 186828?
12
What is the highest common divisor of 136 and 11628?
68
Calculate the highest common divisor of 87 and 6785391.
87
What is the greatest common factor of 182 and 140546?
14
What is the greatest common factor of 45825 and 2585?
235
Calculate the highest common divisor of 18 and 34926.
6
Calculate the highest common factor of 134750 and 130.
10
What is the greatest common factor of 97865 and 15318?
851
What is the highest common divisor of 13 and 1008241?
13
Calculate the greatest common divisor of 2609525 and 50.
25
Calculate the greatest common factor of 226970 and 70.
10
What is the highest common factor of 37 and 246605?
37
What is the highest common divisor of 21690 and 270?
90
What is the highest common divisor of 35595 and 1365?
105
Calculate the highest common divisor of 2340 and 1130688.
468
What is the highest common factor of 873 and 84099?
291
What is the highest common divisor of 148 and 34706?
74
What is the greatest common factor of 212543 and 69?
23
What is the highest common divisor of 162 and 33102?
54
What is the greatest common divisor of 357462 and 378?
126
Calculate the greatest common divisor of 3490 and 78874.
698
What is the greatest common divisor of 7511 and 1110?
37
What is the highest common factor of 253 and 5621?
11
Calculate the greatest common factor of 57460 and 53380.
340
What is the greatest common factor of 852237 and 27?
9
What is the highest common divisor of 1494979 and 29?
29
Calculate the highest common divisor of 468 and 94788.
36
What is the greatest common factor of 7064 and 424?
8
What is the highest common factor of 28730 and 1430?
130
Calculate the greatest common factor of 14791 and 3.
1
What is the greatest common factor of 159550 and 830?
10
What is the highest common factor of 51190 and 10?
10
What is the highest common divisor of 340 and 112370?
170
Calculate the greatest common divisor of 15 and 38705.
5
What is the greatest common factor of 46404 and 108?
36
Calculate the highest common factor of 50 and 7205.
5
Calculate the greatest common factor of 111173 and 8312.
1039
Calculate the highest common divisor of 3 and 6275.
1
What is the greatest common factor of 3321 and 1329507?
1107
Calculate the highest common divisor of 19520 and 60.
20
What is the highest common divisor of 84900 and 520?
20
Calculate the greatest common divisor of 6344 and 11224.
488
Calculate the highest common factor of 297 and 4741.
11
What is the greatest common divisor of 4545 and 3855?
15
What is the greatest common divisor of 760 and 340?
20
Calculate the greatest common factor of 2109 and 22819.
19
What is the highest common factor of 43737 and 83889?
717
Calculate the highest common divisor of 4068 and 435954.
678
What is the greatest common factor of 105 and 43869?
21
What is the highest common factor of 127136 and 7424?
928
What is the highest common divisor of 1 and 79570?
1
Calculate the greatest common factor of 6517 and 2401.
343
Calculate the highest common factor of 280 and 23720.
40
Calculate the highest common divisor of 24 and 554128.
8
Calculate the greatest common factor of 130 and 115388.
26
What is the highest common factor of 26 and 150345?
13
Calculate the greatest common factor of 123743 and 783.
29
What is the highest common factor of 2294172 and 63?
9
What is the highest common factor of 375 and 12?
3
Calculate the highest common divisor of 399 and 7035.
21
What is the greatest common factor of 649 and 1034?
11
Calculate the highest common factor of 1086 and 52490.
362
What is the greatest common divisor of 156 and 520764?
12
What is the highest common factor of 65592 and 17280?
72
Calculate the greatest common factor of 285 and 39957.
57
Calculate the greatest common divisor of 294 and 348.
6
Calculate the greatest common divisor of 44865 and 30.
15
Calculate the greatest common divisor of 276650 and 264.
22
What is the highest common divisor of 54416 and 912?
304
Calculate the greatest common factor of 31501 and 218.
109
What is the highest common divisor of 84 and 5816748?
84
Calculate the highest common divisor of 195466 and 68.
34
Calculate the greatest common divisor of 279036 and 621.
207
What is the greatest common factor of 4482 and 96?
6
Calculate the greatest common factor of 737 and 41875.
67
What is the greatest common factor of 70131 and 679?
97
What is the greatest common divisor of 141 and 23312?
47
What is the greatest common factor of 2464 and 3504?
16
What is the highest common divisor of 1361 an